{"id":556,"date":"2019-04-16T10:46:34","date_gmt":"2019-04-16T07:46:34","guid":{"rendered":"https:\/\/www.sistemteknik.com\/ferrous\/?page_id=556"},"modified":"2025-08-08T09:38:06","modified_gmt":"2025-08-08T06:38:06","slug":"vakum-firinlari","status":"publish","type":"page","link":"https:\/\/www.sistemteknik.com\/ferrous\/vakum-firinlari\/vakum-firinlari\/","title":{"rendered":"Aichelin Vakum F\u0131r\u0131nlar\u0131"},"content":{"rendered":"<div class=\"wpb-content-wrapper\"><p>[vc_row][vc_column][vc_row_inner equal_height=&#8221;yes&#8221;][vc_column_inner width=&#8221;1\/2&#8243; css=&#8221;.vc_custom_1568132476724{margin-bottom: 0px !important;padding-bottom: 0px !important;}&#8221;][vc_column_text]<\/p>\n<article class=\"text-token-text-primary w-full focus:outline-none scroll-mt-[calc(var(--header-height)+min(200px,max(70px,20svh)))]\" dir=\"auto\" tabindex=\"-1\" data-turn-id=\"request-WEB:ff726459-9343-40da-a3ad-048fbb3bb3c6-2\" data-testid=\"conversation-turn-6\" data-scroll-anchor=\"true\" data-turn=\"assistant\">\n<div class=\"text-base my-auto mx-auto pb-10 [--thread-content-margin:--spacing(4)] @[37rem]:[--thread-content-margin:--spacing(6)] @[72rem]:[--thread-content-margin:--spacing(16)] px-(--thread-content-margin)\">\n<div class=\"[--thread-content-max-width:32rem] @[34rem]:[--thread-content-max-width:40rem] @[64rem]:[--thread-content-max-width:48rem] mx-auto max-w-(--thread-content-max-width) flex-1 group\/turn-messages focus-visible:outline-hidden relative flex w-full min-w-0 flex-col agent-turn\" tabindex=\"-1\">\n<div class=\"flex max-w-full flex-col grow\">\n<div class=\"min-h-8 text-message relative flex w-full flex-col items-end gap-2 text-start break-words whitespace-normal [.text-message+&amp;]:mt-5\" dir=\"auto\" data-message-author-role=\"assistant\" data-message-id=\"02099fc9-e00c-4370-b428-7950a02c0246\" data-message-model-slug=\"gpt-4o\">\n<div class=\"flex w-full flex-col gap-1 empty:hidden first:pt-[3px]\">\n<div class=\"markdown prose dark:prose-invert w-full break-words dark markdown-new-styling\">\n<p>Sistem Teknik Sanayi F\u0131r\u0131nlar\u0131 A.\u015e. ve Aichelin Holding GmBH; 2024 y\u0131l\u0131nda ortak bir giri\u015fimle Aichelin ST Vacuum Furnaces GmBH firmas\u0131n\u0131 kurmu\u015flard\u0131r. Bundan sonra vakum \u0131s\u0131l i\u015flem f\u0131r\u0131nlar\u0131m\u0131z Aichelin Vacuum Furnaces markas\u0131 ile \u00fcretilecektir.<\/p>\n<p>\u00dclkemizde ise <strong>Aichelin ST Vakum F\u0131r\u0131nlar\u0131 A.\u015e. <\/strong>alt \u015firketi kurulu\u015fu tamamlanm\u0131\u015f olup, mevcut Sistem Teknik vakum f\u0131r\u0131nlar\u0131n\u0131n t\u00fcm sat\u0131\u015f sonras\u0131 ve servis hizmetleri yerli firmam\u0131z arac\u0131l\u0131\u011f\u0131yla 7\/24 destek prensibi ile devam edecektir.<\/p>\n<p data-start=\"0\" data-end=\"234\">Vakumlu sertle\u015ftirme f\u0131r\u0131nlar\u0131; havac\u0131l\u0131k, uzay, enerji, tak\u0131m tezgahlar\u0131, kal\u0131p ve d\u00f6k\u00fcm, otomotiv, medikal end\u00fcstriler ile \u0131s\u0131l i\u015flem firmalar\u0131 gibi \u00e7e\u015fitli sanayi sekt\u00f6rlerinde kullan\u0131lmaktad\u0131r.<\/p>\n<p data-start=\"236\" data-end=\"371\"><strong data-start=\"236\" data-end=\"248\">AICHELIN<\/strong>, AMS 2750, ASTM, NADCAP, NADCA, CQI-9 gibi uluslararas\u0131 standartlarla tam uyumlu vakumlu \u0131s\u0131l i\u015flem \u00e7\u00f6z\u00fcmleri sunmaktad\u0131r.<\/p>\n<p><strong data-start=\"373\" data-end=\"398\">Opsiyonel \u00d6zellikler:<\/strong><\/p>\n<ul>\n<li><strong data-start=\"509\" data-end=\"537\">10-2 mbar ve daha y\u00fcksek <\/strong>geni\u015f vakum aral\u0131\u011f\u0131.<\/li>\n<li>Is\u0131tma odalar\u0131 i\u00e7in grafit molibden ve tungsten gibi farkl\u0131 malzeme se\u00e7enekleri<\/li>\n<li><strong data-start=\"567\" data-end=\"587\">200\u00b0C ile 2200\u00b0C<\/strong> aral\u0131\u011f\u0131nda proses s\u0131cakl\u0131\u011f\u0131.<\/li>\n<li><strong data-start=\"623\" data-end=\"656\">20 bara kadar \u00e7\u0131kabilen <\/strong>so\u011futma gaz\u0131 bas\u0131nc\u0131.<\/li>\n<\/ul>\n<\/div>\n<\/div>\n<\/div>\n<\/div>\n<\/div>\n<\/div>\n<\/article>\n<div class=\"pointer-events-none h-px w-px\" aria-hidden=\"true\" data-edge=\"true\"><\/div>\n<p>[\/vc_column_text][\/vc_column_inner][vc_column_inner width=&#8221;1\/2&#8243; css=&#8221;.vc_custom_1568132484002{margin-bottom: 0px !important;padding-bottom: 0px !important;}&#8221;][vc_single_image image=&#8221;4424&#8243; img_size=&#8221;large&#8221; alignment=&#8221;center&#8221; style=&#8221;vc_box_rounded&#8221; css=&#8221;.vc_custom_1754560613977{border-radius: 2px !important;}&#8221;][\/vc_column_inner][\/vc_row_inner][\/vc_column][vc_column width=&#8221;1\/2&#8243; css=&#8221;.vc_custom_1568132491353{padding-top: 0px !important;}&#8221;][vc_column_text]<\/p>\n<h2 data-start=\"132\" data-end=\"299\">VAKUM FIRINLARININ AVANTAJLARI<\/h2>\n<p data-start=\"132\" data-end=\"299\"><strong data-start=\"132\" data-end=\"161\">UZUN \u00d6M\u00dcR VE G\u00dcVEN\u0130L\u0130RL\u0130K<\/strong><br data-start=\"161\" data-end=\"164\" \/>Tutarl\u0131 ve tekrarlanabilir sonu\u00e7lar ile uzun hizmet \u00f6mr\u00fc sa\u011flan\u0131r. Bu da zaman i\u00e7erisinde istikrarl\u0131 ve g\u00fcvenilir bir performans sunar.<\/p>\n<p data-start=\"301\" data-end=\"433\"><strong data-start=\"301\" data-end=\"328\">KULLANICI DOSTU TASARIM<\/strong><br data-start=\"328\" data-end=\"331\" \/>Kolay kullan\u0131m ve bak\u0131m imk\u00e2n\u0131 sayesinde kullan\u0131c\u0131 deneyimi artar, duru\u015f s\u00fcreleri ise minimize edilir.<\/p>\n<p data-start=\"435\" data-end=\"588\"><strong data-start=\"435\" data-end=\"457\">ENERJ\u0130 VER\u0130ML\u0130L\u0130\u011e\u0130<\/strong><br data-start=\"457\" data-end=\"460\" \/>Geli\u015fmi\u015f yal\u0131t\u0131m yap\u0131s\u0131 ve so\u011fuk duvar tasar\u0131m\u0131 sayesinde y\u00fczey kay\u0131plar\u0131 azalt\u0131l\u0131r, b\u00f6ylece y\u00fcksek enerji verimlili\u011fi sa\u011flan\u0131r.<\/p>\n<p data-start=\"590\" data-end=\"775\"><strong data-start=\"590\" data-end=\"617\">HIZLI ISITMA VE SO\u011eUTMA<\/strong><br data-start=\"617\" data-end=\"620\" \/>Hem k\u00fc\u00e7\u00fck hem de b\u00fcy\u00fck y\u00fckler h\u0131zl\u0131 \u015fekilde \u0131s\u0131t\u0131l\u0131p so\u011futularak \u00e7evrim s\u00fcreleri k\u0131salt\u0131l\u0131r. Bu durum, proses verimlili\u011fini ve \u00fcretim kapasitesini art\u0131r\u0131r.<\/p>\n<p data-start=\"777\" data-end=\"938\"><strong data-start=\"777\" data-end=\"803\">HASSAS PROSES KONTROL\u00dc<\/strong><br data-start=\"803\" data-end=\"806\" \/>F\u0131r\u0131n ve y\u00fck termokupllar\u0131 arac\u0131l\u0131\u011f\u0131yla s\u0131cakl\u0131k hassasiyeti sa\u011flan\u0131r. B\u00f6ylece proses \u00e7evrimleri y\u00fcksek do\u011frulukla ger\u00e7ekle\u015ftirilir.<\/p>\n<p data-start=\"940\" data-end=\"1086\"><strong data-start=\"940\" data-end=\"964\">D\u00dc\u015e\u00dcK BAKIM MAL\u0130YET\u0130<\/strong><br data-start=\"964\" data-end=\"967\" \/>Uzun y\u0131llara dayanan tecr\u00fcbe ile optimize edilmi\u015f tasar\u0131m, d\u00fc\u015f\u00fck bak\u0131m maliyetleriyle birlikte y\u00fcksek performans sunar.<\/p>\n<p data-start=\"1088\" data-end=\"1193\"><strong data-start=\"1088\" data-end=\"1105\">TAM UYUMLULUK<\/strong><br data-start=\"1105\" data-end=\"1108\" \/>CQI-9, NADCA, NADCAP, AMS 2750 gibi ge\u00e7erli uluslararas\u0131 standartlarla tam uyumludur.<\/p>\n<p>[\/vc_column_text][\/vc_column][vc_column width=&#8221;1\/2&#8243; css=&#8221;.vc_custom_1568132497116{padding-top: 0px !important;}&#8221;][vc_custom_heading text=&#8221;Teknik \u00d6zellikler&#8221; use_theme_fonts=&#8221;yes&#8221;][vc_single_image image=&#8221;4426&#8243; img_size=&#8221;full&#8221; alignment=&#8221;center&#8221; style=&#8221;vc_box_rounded&#8221; css_animation=&#8221;none&#8221;][vc_custom_heading text=&#8221;\u0130leti\u015fim&#8221; font_container=&#8221;tag:h2|text_align:center&#8221; use_theme_fonts=&#8221;yes&#8221;][vc_column_text]<\/p>\n<p style=\"text-align: center;\"><em><strong>Anda\u00e7 G\u00fczel<\/strong><\/em><\/p>\n<p style=\"text-align: center;\"><strong>andac.guzel@aichelin.com<\/strong><\/p>\n<p style=\"text-align: center;\"><strong>0545 893 9693<\/strong><\/p>\n<p>[\/vc_column_text][vc_btn title=&#8221;Aichelin Avrupa&#8221; style=&#8221;outline-custom&#8221; outline_custom_color=&#8221;#be2427&#8243; outline_custom_hover_background=&#8221;#be2427&#8243; outline_custom_hover_text=&#8221;#ffffff&#8221; shape=&#8221;round&#8221; size=&#8221;sm&#8221; align=&#8221;center&#8221; button_block=&#8221;true&#8221; link=&#8221;url:https%3A%2F%2Fwww.aichelin.at%2Fen%2Fproducts%2Fvacuum-furnaces%2Fvacuum-furnaces|title:Aichelin%20Avrupa|target:_blank&#8221;][\/vc_column][\/vc_row][vc_row][vc_column][vc_empty_space][\/vc_column][\/vc_row]<\/p>\n<\/div>","protected":false},"excerpt":{"rendered":"<p>[vc_row][vc_column][vc_row_inner equal_height=&#8221;yes&#8221;][vc_column_inner width=&#8221;1\/2&#8243; css=&#8221;.vc_custom_1568132476724{margin-bottom: 0px !important;padding-bottom: 0px !important;}&#8221;][vc_column_text] Sistem Teknik [&hellip;]<\/p>\n","protected":false},"author":1,"featured_media":646,"parent":503,"menu_order":22,"comment_status":"closed","ping_status":"closed","template":"","meta":{"footnotes":""},"acf":[],"yoast_head":"<!-- This site is optimized with the Yoast SEO plugin v21.8.1 - https:\/\/yoast.com\/wordpress\/plugins\/seo\/ -->\n<title>Vakum F\u0131r\u0131nlar\u0131 &amp; Vakum Kurutma Sistemleri | Sistem Teknik<\/title>\n<meta name=\"description\" content=\"D\u00fc\u015f\u00fck bas\u0131n\u00e7 sementasyon, LPC, ya\u011fda sertle\u015ftirme gibi i\u015flemlerde kullan\u0131lan vakum f\u0131r\u0131nlar\u0131 i\u00e7in Sistemteknik.com g\u00fcvencesiyle hemen bilgi al\u0131n!\" \/>\n<meta name=\"robots\" content=\"index, follow, max-snippet:-1, max-image-preview:large, max-video-preview:-1\" \/>\n<link rel=\"canonical\" href=\"https:\/\/www.sistemteknik.com\/ferrous\/vakum-firinlari\/vakum-firinlari\/\" \/>\n<meta property=\"og:locale\" content=\"tr_TR\" \/>\n<meta property=\"og:type\" content=\"article\" \/>\n<meta property=\"og:title\" content=\"Vakum F\u0131r\u0131nlar\u0131 &amp; Vakum Kurutma Sistemleri | Sistem Teknik\" \/>\n<meta property=\"og:description\" content=\"D\u00fc\u015f\u00fck bas\u0131n\u00e7 sementasyon, LPC, ya\u011fda sertle\u015ftirme gibi i\u015flemlerde kullan\u0131lan vakum f\u0131r\u0131nlar\u0131 i\u00e7in Sistemteknik.com g\u00fcvencesiyle hemen bilgi al\u0131n!\" \/>\n<meta property=\"og:url\" content=\"https:\/\/www.sistemteknik.com\/ferrous\/vakum-firinlari\/vakum-firinlari\/\" \/>\n<meta property=\"og:site_name\" content=\"Sistem Teknik Sanayi F\u0131r\u0131nlar\u0131 A.\u015e.\" \/>\n<meta property=\"article:publisher\" content=\"https:\/\/www.facebook.com\/sistemteknikindustrialfurnace\" \/>\n<meta property=\"article:modified_time\" content=\"2025-08-08T06:38:06+00:00\" \/>\n<meta property=\"og:image\" content=\"https:\/\/www.sistemteknik.com\/ferrous\/wp-content\/uploads\/2019\/04\/vakum-firinlari.jpg\" \/>\n\t<meta property=\"og:image:width\" content=\"640\" \/>\n\t<meta property=\"og:image:height\" content=\"428\" \/>\n\t<meta property=\"og:image:type\" content=\"image\/jpeg\" \/>\n<meta name=\"twitter:card\" content=\"summary_large_image\" \/>\n<meta name=\"twitter:label1\" content=\"Tahmini okuma s\u00fcresi\" \/>\n\t<meta name=\"twitter:data1\" content=\"3 dakika\" \/>\n<script type=\"application\/ld+json\" class=\"yoast-schema-graph\">{\"@context\":\"https:\/\/schema.org\",\"@graph\":[{\"@type\":\"TechArticle\",\"@id\":\"https:\/\/www.sistemteknik.com\/ferrous\/vakum-firinlari\/vakum-firinlari\/#article\",\"isPartOf\":{\"@id\":\"https:\/\/www.sistemteknik.com\/ferrous\/vakum-firinlari\/vakum-firinlari\/\"},\"author\":{\"name\":\"webmaster\",\"@id\":\"https:\/\/www.sistemteknik.com\/ferrous\/#\/schema\/person\/8fa45d3b918413238187199781ef842f\"},\"headline\":\"Aichelin Vakum F\u0131r\u0131nlar\u0131\",\"datePublished\":\"2019-04-16T07:46:34+00:00\",\"dateModified\":\"2025-08-08T06:38:06+00:00\",\"mainEntityOfPage\":{\"@id\":\"https:\/\/www.sistemteknik.com\/ferrous\/vakum-firinlari\/vakum-firinlari\/\"},\"wordCount\":614,\"publisher\":{\"@id\":\"https:\/\/www.sistemteknik.com\/ferrous\/#organization\"},\"inLanguage\":\"tr\"},{\"@type\":[\"WebPage\",\"ItemPage\"],\"@id\":\"https:\/\/www.sistemteknik.com\/ferrous\/vakum-firinlari\/vakum-firinlari\/\",\"url\":\"https:\/\/www.sistemteknik.com\/ferrous\/vakum-firinlari\/vakum-firinlari\/\",\"name\":\"Vakum F\u0131r\u0131nlar\u0131 & Vakum Kurutma Sistemleri | Sistem Teknik\",\"isPartOf\":{\"@id\":\"https:\/\/www.sistemteknik.com\/ferrous\/#website\"},\"datePublished\":\"2019-04-16T07:46:34+00:00\",\"dateModified\":\"2025-08-08T06:38:06+00:00\",\"description\":\"D\u00fc\u015f\u00fck bas\u0131n\u00e7 sementasyon, LPC, ya\u011fda sertle\u015ftirme gibi i\u015flemlerde kullan\u0131lan vakum f\u0131r\u0131nlar\u0131 i\u00e7in Sistemteknik.com g\u00fcvencesiyle hemen bilgi al\u0131n!\",\"breadcrumb\":{\"@id\":\"https:\/\/www.sistemteknik.com\/ferrous\/vakum-firinlari\/vakum-firinlari\/#breadcrumb\"},\"inLanguage\":\"tr\",\"potentialAction\":[{\"@type\":\"ReadAction\",\"target\":[\"https:\/\/www.sistemteknik.com\/ferrous\/vakum-firinlari\/vakum-firinlari\/\"]}]},{\"@type\":\"BreadcrumbList\",\"@id\":\"https:\/\/www.sistemteknik.com\/ferrous\/vakum-firinlari\/vakum-firinlari\/#breadcrumb\",\"itemListElement\":[{\"@type\":\"ListItem\",\"position\":1,\"name\":\"Ana sayfa\",\"item\":\"https:\/\/www.sistemteknik.com\/ferrous\/\"},{\"@type\":\"ListItem\",\"position\":2,\"name\":\"Vakum F\u0131r\u0131nlar\u0131 Hakk\u0131nda Her \u015eey!\",\"item\":\"https:\/\/www.sistemteknik.com\/ferrous\/vakum-firinlari\/\"},{\"@type\":\"ListItem\",\"position\":3,\"name\":\"Aichelin Vakum F\u0131r\u0131nlar\u0131\"}]},{\"@type\":\"WebSite\",\"@id\":\"https:\/\/www.sistemteknik.com\/ferrous\/#website\",\"url\":\"https:\/\/www.sistemteknik.com\/ferrous\/\",\"name\":\"Sistem Teknik Sanayi F\u0131r\u0131nlar\u0131 A.\u015e.\",\"description\":\"\",\"publisher\":{\"@id\":\"https:\/\/www.sistemteknik.com\/ferrous\/#organization\"},\"potentialAction\":[{\"@type\":\"SearchAction\",\"target\":{\"@type\":\"EntryPoint\",\"urlTemplate\":\"https:\/\/www.sistemteknik.com\/ferrous\/?s={search_term_string}\"},\"query-input\":\"required name=search_term_string\"}],\"inLanguage\":\"tr\"},{\"@type\":\"Organization\",\"@id\":\"https:\/\/www.sistemteknik.com\/ferrous\/#organization\",\"name\":\"Sistem Teknik Sanayi F\u0131r\u0131nlar\u0131 A.\u015e.\",\"url\":\"https:\/\/www.sistemteknik.com\/ferrous\/\",\"logo\":{\"@type\":\"ImageObject\",\"inLanguage\":\"tr\",\"@id\":\"https:\/\/www.sistemteknik.com\/ferrous\/#\/schema\/logo\/image\/\",\"url\":\"https:\/\/www.sistemteknik.com\/ferrous\/wp-content\/uploads\/2022\/08\/logo2x-1.png\",\"contentUrl\":\"https:\/\/www.sistemteknik.com\/ferrous\/wp-content\/uploads\/2022\/08\/logo2x-1.png\",\"width\":200,\"height\":140,\"caption\":\"Sistem Teknik Sanayi F\u0131r\u0131nlar\u0131 A.\u015e.\"},\"image\":{\"@id\":\"https:\/\/www.sistemteknik.com\/ferrous\/#\/schema\/logo\/image\/\"},\"sameAs\":[\"https:\/\/www.facebook.com\/sistemteknikindustrialfurnace\",\"https:\/\/www.linkedin.com\/company\/sistem-teknik-industrial-furnaces\/\",\"https:\/\/www.instagram.com\/sistemteknikas\/\"]},{\"@type\":\"Person\",\"@id\":\"https:\/\/www.sistemteknik.com\/ferrous\/#\/schema\/person\/8fa45d3b918413238187199781ef842f\",\"name\":\"webmaster\",\"image\":{\"@type\":\"ImageObject\",\"inLanguage\":\"tr\",\"@id\":\"https:\/\/www.sistemteknik.com\/ferrous\/#\/schema\/person\/image\/\",\"url\":\"https:\/\/secure.gravatar.com\/avatar\/2aa86fa948ec329b3268d06b9ffe4f72?s=96&d=mm&r=g\",\"contentUrl\":\"https:\/\/secure.gravatar.com\/avatar\/2aa86fa948ec329b3268d06b9ffe4f72?s=96&d=mm&r=g\",\"caption\":\"webmaster\"},\"url\":\"https:\/\/www.sistemteknik.com\/ferrous\/author\/webmaster\/\"}]}<\/script>\n<!-- \/ Yoast SEO plugin. -->","yoast_head_json":{"title":"Vakum F\u0131r\u0131nlar\u0131 & Vakum Kurutma Sistemleri | Sistem Teknik","description":"D\u00fc\u015f\u00fck bas\u0131n\u00e7 sementasyon, LPC, ya\u011fda sertle\u015ftirme gibi i\u015flemlerde kullan\u0131lan vakum f\u0131r\u0131nlar\u0131 i\u00e7in Sistemteknik.com g\u00fcvencesiyle hemen bilgi al\u0131n!","robots":{"index":"index","follow":"follow","max-snippet":"max-snippet:-1","max-image-preview":"max-image-preview:large","max-video-preview":"max-video-preview:-1"},"canonical":"https:\/\/www.sistemteknik.com\/ferrous\/vakum-firinlari\/vakum-firinlari\/","og_locale":"tr_TR","og_type":"article","og_title":"Vakum F\u0131r\u0131nlar\u0131 & Vakum Kurutma Sistemleri | Sistem Teknik","og_description":"D\u00fc\u015f\u00fck bas\u0131n\u00e7 sementasyon, LPC, ya\u011fda sertle\u015ftirme gibi i\u015flemlerde kullan\u0131lan vakum f\u0131r\u0131nlar\u0131 i\u00e7in Sistemteknik.com g\u00fcvencesiyle hemen bilgi al\u0131n!","og_url":"https:\/\/www.sistemteknik.com\/ferrous\/vakum-firinlari\/vakum-firinlari\/","og_site_name":"Sistem Teknik Sanayi F\u0131r\u0131nlar\u0131 A.\u015e.","article_publisher":"https:\/\/www.facebook.com\/sistemteknikindustrialfurnace","article_modified_time":"2025-08-08T06:38:06+00:00","og_image":[{"width":640,"height":428,"url":"https:\/\/www.sistemteknik.com\/ferrous\/wp-content\/uploads\/2019\/04\/vakum-firinlari.jpg","type":"image\/jpeg"}],"twitter_card":"summary_large_image","twitter_misc":{"Tahmini okuma s\u00fcresi":"3 dakika"},"schema":{"@context":"https:\/\/schema.org","@graph":[{"@type":"TechArticle","@id":"https:\/\/www.sistemteknik.com\/ferrous\/vakum-firinlari\/vakum-firinlari\/#article","isPartOf":{"@id":"https:\/\/www.sistemteknik.com\/ferrous\/vakum-firinlari\/vakum-firinlari\/"},"author":{"name":"webmaster","@id":"https:\/\/www.sistemteknik.com\/ferrous\/#\/schema\/person\/8fa45d3b918413238187199781ef842f"},"headline":"Aichelin Vakum F\u0131r\u0131nlar\u0131","datePublished":"2019-04-16T07:46:34+00:00","dateModified":"2025-08-08T06:38:06+00:00","mainEntityOfPage":{"@id":"https:\/\/www.sistemteknik.com\/ferrous\/vakum-firinlari\/vakum-firinlari\/"},"wordCount":614,"publisher":{"@id":"https:\/\/www.sistemteknik.com\/ferrous\/#organization"},"inLanguage":"tr"},{"@type":["WebPage","ItemPage"],"@id":"https:\/\/www.sistemteknik.com\/ferrous\/vakum-firinlari\/vakum-firinlari\/","url":"https:\/\/www.sistemteknik.com\/ferrous\/vakum-firinlari\/vakum-firinlari\/","name":"Vakum F\u0131r\u0131nlar\u0131 & Vakum Kurutma Sistemleri | Sistem Teknik","isPartOf":{"@id":"https:\/\/www.sistemteknik.com\/ferrous\/#website"},"datePublished":"2019-04-16T07:46:34+00:00","dateModified":"2025-08-08T06:38:06+00:00","description":"D\u00fc\u015f\u00fck bas\u0131n\u00e7 sementasyon, LPC, ya\u011fda sertle\u015ftirme gibi i\u015flemlerde kullan\u0131lan vakum f\u0131r\u0131nlar\u0131 i\u00e7in Sistemteknik.com g\u00fcvencesiyle hemen bilgi al\u0131n!","breadcrumb":{"@id":"https:\/\/www.sistemteknik.com\/ferrous\/vakum-firinlari\/vakum-firinlari\/#breadcrumb"},"inLanguage":"tr","potentialAction":[{"@type":"ReadAction","target":["https:\/\/www.sistemteknik.com\/ferrous\/vakum-firinlari\/vakum-firinlari\/"]}]},{"@type":"BreadcrumbList","@id":"https:\/\/www.sistemteknik.com\/ferrous\/vakum-firinlari\/vakum-firinlari\/#breadcrumb","itemListElement":[{"@type":"ListItem","position":1,"name":"Ana sayfa","item":"https:\/\/www.sistemteknik.com\/ferrous\/"},{"@type":"ListItem","position":2,"name":"Vakum F\u0131r\u0131nlar\u0131 Hakk\u0131nda Her \u015eey!","item":"https:\/\/www.sistemteknik.com\/ferrous\/vakum-firinlari\/"},{"@type":"ListItem","position":3,"name":"Aichelin Vakum F\u0131r\u0131nlar\u0131"}]},{"@type":"WebSite","@id":"https:\/\/www.sistemteknik.com\/ferrous\/#website","url":"https:\/\/www.sistemteknik.com\/ferrous\/","name":"Sistem Teknik Sanayi F\u0131r\u0131nlar\u0131 A.\u015e.","description":"","publisher":{"@id":"https:\/\/www.sistemteknik.com\/ferrous\/#organization"},"potentialAction":[{"@type":"SearchAction","target":{"@type":"EntryPoint","urlTemplate":"https:\/\/www.sistemteknik.com\/ferrous\/?s={search_term_string}"},"query-input":"required name=search_term_string"}],"inLanguage":"tr"},{"@type":"Organization","@id":"https:\/\/www.sistemteknik.com\/ferrous\/#organization","name":"Sistem Teknik Sanayi F\u0131r\u0131nlar\u0131 A.\u015e.","url":"https:\/\/www.sistemteknik.com\/ferrous\/","logo":{"@type":"ImageObject","inLanguage":"tr","@id":"https:\/\/www.sistemteknik.com\/ferrous\/#\/schema\/logo\/image\/","url":"https:\/\/www.sistemteknik.com\/ferrous\/wp-content\/uploads\/2022\/08\/logo2x-1.png","contentUrl":"https:\/\/www.sistemteknik.com\/ferrous\/wp-content\/uploads\/2022\/08\/logo2x-1.png","width":200,"height":140,"caption":"Sistem Teknik Sanayi F\u0131r\u0131nlar\u0131 A.\u015e."},"image":{"@id":"https:\/\/www.sistemteknik.com\/ferrous\/#\/schema\/logo\/image\/"},"sameAs":["https:\/\/www.facebook.com\/sistemteknikindustrialfurnace","https:\/\/www.linkedin.com\/company\/sistem-teknik-industrial-furnaces\/","https:\/\/www.instagram.com\/sistemteknikas\/"]},{"@type":"Person","@id":"https:\/\/www.sistemteknik.com\/ferrous\/#\/schema\/person\/8fa45d3b918413238187199781ef842f","name":"webmaster","image":{"@type":"ImageObject","inLanguage":"tr","@id":"https:\/\/www.sistemteknik.com\/ferrous\/#\/schema\/person\/image\/","url":"https:\/\/secure.gravatar.com\/avatar\/2aa86fa948ec329b3268d06b9ffe4f72?s=96&d=mm&r=g","contentUrl":"https:\/\/secure.gravatar.com\/avatar\/2aa86fa948ec329b3268d06b9ffe4f72?s=96&d=mm&r=g","caption":"webmaster"},"url":"https:\/\/www.sistemteknik.com\/ferrous\/author\/webmaster\/"}]}},"_links":{"self":[{"href":"https:\/\/www.sistemteknik.com\/ferrous\/wp-json\/wp\/v2\/pages\/556"}],"collection":[{"href":"https:\/\/www.sistemteknik.com\/ferrous\/wp-json\/wp\/v2\/pages"}],"about":[{"href":"https:\/\/www.sistemteknik.com\/ferrous\/wp-json\/wp\/v2\/types\/page"}],"author":[{"embeddable":true,"href":"https:\/\/www.sistemteknik.com\/ferrous\/wp-json\/wp\/v2\/users\/1"}],"replies":[{"embeddable":true,"href":"https:\/\/www.sistemteknik.com\/ferrous\/wp-json\/wp\/v2\/comments?post=556"}],"version-history":[{"count":14,"href":"https:\/\/www.sistemteknik.com\/ferrous\/wp-json\/wp\/v2\/pages\/556\/revisions"}],"predecessor-version":[{"id":4472,"href":"https:\/\/www.sistemteknik.com\/ferrous\/wp-json\/wp\/v2\/pages\/556\/revisions\/4472"}],"up":[{"embeddable":true,"href":"https:\/\/www.sistemteknik.com\/ferrous\/wp-json\/wp\/v2\/pages\/503"}],"wp:featuredmedia":[{"embeddable":true,"href":"https:\/\/www.sistemteknik.com\/ferrous\/wp-json\/wp\/v2\/media\/646"}],"wp:attachment":[{"href":"https:\/\/www.sistemteknik.com\/ferrous\/wp-json\/wp\/v2\/media?parent=556"}],"curies":[{"name":"wp","href":"https:\/\/api.w.org\/{rel}","templated":true}]}}